{"id":250,"date":"2020-01-12T08:53:57","date_gmt":"2020-01-12T07:53:57","guid":{"rendered":"http:\/\/peransbackpack.com\/?page_id=250"},"modified":"2020-02-06T09:58:17","modified_gmt":"2020-02-06T08:58:17","slug":"presentation-introducing-myself","status":"publish","type":"page","link":"https:\/\/peransbackpack.ovh\/peransbackpack\/index.php\/presentation-introducing-myself\/","title":{"rendered":"Pr\u00e9sentation &#8211; introducing myself"},"content":{"rendered":"\n<p>Cher visiteur, voici une pr\u00e9sentation de ce blog et de son auteur. <br>Je m&rsquo;appelle Peran. Voici la raison d&rsquo;\u00eatre de ce blog: une envie de partager avec vous les personnes, les sujets et les paysages qui m&rsquo;ont touch\u00e9s. Cela passe par, non seulement ce site, mais \u00e9galement les r\u00e9seaux sociaux instagram\/facebook\/youtube. Environnement, technologie, voyages, culture, \u00e9conomie&#8230;  Ne bridons pas notre curiosit\u00e9! Des articles, reportages ou photos, toujours dans un esprit de partage et de convivialit\u00e9. Bien que mes actes ne le refl\u00e8tent pas toujours, je suis tr\u00e8s pr\u00e9occup\u00e9 par le changement climatique et l&rsquo;effondrement de la biodiversit\u00e9. Aujourd&rsquo;hui en plein dans un mode de vie \u00ab\u00a0d\u00e9pendant\u00a0\u00bb (des \u00e9nergies fossiles, des supermarch\u00e9s, etc.), je r\u00eave toutefois d&rsquo;un avenir plus autonome, plus solidaire et plus \u00e9cologique. <\/p>\n\n\n\n<div class=\"wp-block-image\"><figure class=\"aligncenter size-large\"><img loading=\"lazy\" decoding=\"async\" width=\"1024\" height=\"768\" src=\"https:\/\/peransbackpack.ovh\/peransbackpack\/wp-content\/uploads\/2020\/02\/received_640125126515108-1024x768.jpeg\" alt=\"\" class=\"wp-image-286\" srcset=\"https:\/\/peransbackpack.ovh\/peransbackpack\/wp-content\/uploads\/2020\/02\/received_640125126515108-1024x768.jpeg 1024w, https:\/\/peransbackpack.ovh\/peransbackpack\/wp-content\/uploads\/2020\/02\/received_640125126515108-300x225.jpeg 300w, https:\/\/peransbackpack.ovh\/peransbackpack\/wp-content\/uploads\/2020\/02\/received_640125126515108-768x576.jpeg 768w, https:\/\/peransbackpack.ovh\/peransbackpack\/wp-content\/uploads\/2020\/02\/received_640125126515108-1536x1152.jpeg 1536w, https:\/\/peransbackpack.ovh\/peransbackpack\/wp-content\/uploads\/2020\/02\/received_640125126515108-2048x1536.jpeg 2048w\" sizes=\"auto, (max-width: 1024px) 100vw, 1024px\" \/><\/figure><\/div>\n\n\n\n<p><strong>Mon parcours:<\/strong><br>Etudiant dans la fili\u00e8re \u00ab\u00a0commerce\u00a0\u00bb, j&rsquo;ai fait un d\u00e9tour par l&rsquo;Irlande avant de terminer mes \u00e9tudes \u00e0 Toulouse: un Master en alternance. Une fois le dipl\u00f4me en poche, j&rsquo;avais pour intention de parcourir le monde afin de satisfaire mon envie de voyage, mais sans r\u00e9el projet et sans le sou. J&rsquo;ai \u00e9t\u00e9 happ\u00e9 par le monde du travail, dans l&rsquo;a\u00e9ronautique. L&rsquo;attrait du monde de la technologie, de l&rsquo;industrie et du \u00ab\u00a0progr\u00e8s\u00a0\u00bb, souvent en opposition totale avec mes valeurs de respect de l&rsquo;environnement&#8230; J&rsquo;ai report\u00e9 plusieurs ann\u00e9es de suite mes projets de voyage, d&rsquo;autant que Figeac, petite cit\u00e9e du Sud Ouest, m&rsquo;a retenu gr\u00e2ce \u00e0 son \u00e9nergie et sa douceur de vivre. <\/p>\n\n\n\n<div class=\"wp-block-image\"><figure class=\"aligncenter size-large\"><img loading=\"lazy\" decoding=\"async\" width=\"1015\" height=\"600\" src=\"https:\/\/peransbackpack.ovh\/peransbackpack\/wp-content\/uploads\/2020\/01\/breizh-flag.png\" alt=\"\" class=\"wp-image-251\" srcset=\"https:\/\/peransbackpack.ovh\/peransbackpack\/wp-content\/uploads\/2020\/01\/breizh-flag.png 1015w, https:\/\/peransbackpack.ovh\/peransbackpack\/wp-content\/uploads\/2020\/01\/breizh-flag-300x177.png 300w, https:\/\/peransbackpack.ovh\/peransbackpack\/wp-content\/uploads\/2020\/01\/breizh-flag-768x454.png 768w\" sizes=\"auto, (max-width: 1015px) 100vw, 1015px\" \/><\/figure><\/div>\n\n\n\n<p><strong>Puisque vous \u00eates ici<\/strong><br>&#8211; Stranger: \u00ab\u00a0Where do you come from?\u00a0\u00bb<br>&#8211; Me: \u00ab\u00a0<strong>Brittany<\/strong>\u00ab\u00a0<br>Pourquoi le souligner? <br>Parce que, tout d&rsquo;abord, la Bretagne, le \u00ab\u00a0pays\u00a0\u00bb qui m&rsquo;a vu grandir est une grande fiert\u00e9 pour moi, source d&rsquo;inspiration et d&rsquo;ouverture au monde.<br>Ensuite, parce que la Bretagne est pass\u00e9e sous un rouleau compresseur jacobin: interdiction de la langue dans les \u00e9coles au d\u00e9but du si\u00e8cle dernier, partition g\u00e9ographique et centralisme parisien. Comme si, en dehors de Paris, ville des puissants et ambitieux, il n&rsquo;y avait point de salut!<br>Enfin, parce que se d\u00e9clarer breton et fier de l&rsquo;\u00eatre a aujourd&rsquo;hui une toute autre dimension que de brandir un drapeau national fran\u00e7ais: mon drapeau n&rsquo;exclut pas l&rsquo;autre, il ne cherche pas \u00e0 prendre le dessus, il n&rsquo;est pas guerrier. <\/p>\n\n\n\n<p><strong>Qu&rsquo;est ce que je fais dans la vie?<\/strong><br>J&rsquo;ai arr\u00eat\u00e9 mon travail pour entrer dans une phase transitoire: ayant fait ma vie dans le Sud Ouest de la France, je voulais avoir le temps. <br>Le temps de revoir ma famille et mes amis.<br>Le temps de me former \u00e0 de nouvelles choses.<br>Le temps de m&rsquo;investir, de partager, et de grandir. <br>Le temps de voyager. <\/p>\n\n\n\n<p>Le temps de penser une nouvelle vie. <\/p>\n\n\n\n<p>Agalon (avec le coeur), <br>Peran <\/p>\n","protected":false},"excerpt":{"rendered":"<p>Cher visiteur, voici une pr\u00e9sentation de ce blog et de son auteur. Je m&rsquo;appelle Peran. Voici la raison d&rsquo;\u00eatre de ce blog: une envie de partager avec vous les personnes, les sujets et les paysages qui m&rsquo;ont touch\u00e9s. Cela passe par, non seulement ce site, mais \u00e9galement les r\u00e9seaux sociaux instagram\/facebook\/youtube. Environnement, technologie, voyages, culture,<\/p>\n<div><a class=\"btn-filled btn\" href=\"https:\/\/peransbackpack.ovh\/peransbackpack\/index.php\/presentation-introducing-myself\/\" title=\"Pr\u00e9sentation &#8211; introducing myself\">Lire la suite<\/a><\/div>\n","protected":false},"author":2,"featured_media":0,"parent":0,"menu_order":0,"comment_status":"closed","ping_status":"closed","template":"","meta":{"jetpack_post_was_ever_published":false,"footnotes":""},"class_list":["post-250","page","type-page","status-publish","hentry"],"uagb_featured_image_src":{"full":false,"thumbnail":false,"medium":false,"medium_large":false,"large":false,"1536x1536":false,"2048x2048":false,"shapely-full":false,"shapely-featured":false,"shapely-grid":false,"form-edit-image-preview":false,"sow-carousel-default":false},"uagb_author_info":{"display_name":"Peran","author_link":"https:\/\/peransbackpack.ovh\/peransbackpack\/index.php\/author\/peran\/"},"uagb_comment_info":0,"uagb_excerpt":"Cher visiteur, voici une pr\u00e9sentation de ce blog et de son auteur. Je m&rsquo;appelle Peran. Voici la raison d&rsquo;\u00eatre de ce blog: une envie de partager avec vous les personnes, les sujets et les paysages qui m&rsquo;ont touch\u00e9s. Cela passe par, non seulement ce site, mais \u00e9galement les r\u00e9seaux sociaux instagram\/facebook\/youtube. Environnement, technologie, voyages, culture,Lire\u2026","jetpack_sharing_enabled":true,"jetpack_shortlink":"https:\/\/wp.me\/PaC4Xp-42","_links":{"self":[{"href":"https:\/\/peransbackpack.ovh\/peransbackpack\/index.php\/wp-json\/wp\/v2\/pages\/250","targetHints":{"allow":["GET"]}}],"collection":[{"href":"https:\/\/peransbackpack.ovh\/peransbackpack\/index.php\/wp-json\/wp\/v2\/pages"}],"about":[{"href":"https:\/\/peransbackpack.ovh\/peransbackpack\/index.php\/wp-json\/wp\/v2\/types\/page"}],"author":[{"embeddable":true,"href":"https:\/\/peransbackpack.ovh\/peransbackpack\/index.php\/wp-json\/wp\/v2\/users\/2"}],"replies":[{"embeddable":true,"href":"https:\/\/peransbackpack.ovh\/peransbackpack\/index.php\/wp-json\/wp\/v2\/comments?post=250"}],"version-history":[{"count":3,"href":"https:\/\/peransbackpack.ovh\/peransbackpack\/index.php\/wp-json\/wp\/v2\/pages\/250\/revisions"}],"predecessor-version":[{"id":288,"href":"https:\/\/peransbackpack.ovh\/peransbackpack\/index.php\/wp-json\/wp\/v2\/pages\/250\/revisions\/288"}],"wp:attachment":[{"href":"https:\/\/peransbackpack.ovh\/peransbackpack\/index.php\/wp-json\/wp\/v2\/media?parent=250"}],"curies":[{"name":"wp","href":"https:\/\/api.w.org\/{rel}","templated":true}]}}

Présentation &#8211; introducing myself

<p>Cher visiteur, voici une présentation de ce blog et de son auteur. <br>Je m&rsquo;appelle Peran. Voici la raison d&rsquo;être de ce blog: une envie de partager avec vous les personnes, les sujets et les paysages qui m&rsquo;ont touchés. Cela passe par, non seulement ce site, mais également les réseaux sociaux instagram/facebook/youtube. Environnement, technologie, voyages, culture, économie&#8230;  Ne bridons pas notre curiosité! Des articles, reportages ou photos, toujours dans un esprit de partage et de convivialité. Bien que mes actes ne le reflètent pas toujours, je suis très préoccupé par le changement climatique et l&rsquo;effondrement de la biodiversité. Aujourd&rsquo;hui en plein dans un mode de vie « dépendant » (des énergies fossiles, des supermarchés, etc.), je rêve toutefois d&rsquo;un avenir plus autonome, plus solidaire et plus écologique. </p>



<div class="wp-block-image"><figure class="aligncenter size-large"><img loading="lazy" decoding="async" width="1024" height="768" src="https://peransbackpack.ovh/peransbackpack/wp-content/uploads/2020/02/received_640125126515108-1024x768.jpeg" alt="" class="wp-image-286" srcset="https://peransbackpack.ovh/peransbackpack/wp-content/uploads/2020/02/received_640125126515108-1024x768.jpeg 1024w, https://peransbackpack.ovh/peransbackpack/wp-content/uploads/2020/02/received_640125126515108-300x225.jpeg 300w, https://peransbackpack.ovh/peransbackpack/wp-content/uploads/2020/02/received_640125126515108-768x576.jpeg 768w, https://peransbackpack.ovh/peransbackpack/wp-content/uploads/2020/02/received_640125126515108-1536x1152.jpeg 1536w, https://peransbackpack.ovh/peransbackpack/wp-content/uploads/2020/02/received_640125126515108-2048x1536.jpeg 2048w" sizes="auto, (max-width: 1024px) 100vw, 1024px" /></figure></div>



<p><strong>Mon parcours:</strong><br>Etudiant dans la filière « commerce », j&rsquo;ai fait un détour par l&rsquo;Irlande avant de terminer mes études à Toulouse: un Master en alternance. Une fois le diplôme en poche, j&rsquo;avais pour intention de parcourir le monde afin de satisfaire mon envie de voyage, mais sans réel projet et sans le sou. J&rsquo;ai été happé par le monde du travail, dans l&rsquo;aéronautique. L&rsquo;attrait du monde de la technologie, de l&rsquo;industrie et du « progrès », souvent en opposition totale avec mes valeurs de respect de l&rsquo;environnement&#8230; J&rsquo;ai reporté plusieurs années de suite mes projets de voyage, d&rsquo;autant que Figeac, petite citée du Sud Ouest, m&rsquo;a retenu grâce à son énergie et sa douceur de vivre. </p>



<div class="wp-block-image"><figure class="aligncenter size-large"><img loading="lazy" decoding="async" width="1015" height="600" src="https://peransbackpack.ovh/peransbackpack/wp-content/uploads/2020/01/breizh-flag.png" alt="" class="wp-image-251" srcset="https://peransbackpack.ovh/peransbackpack/wp-content/uploads/2020/01/breizh-flag.png 1015w, https://peransbackpack.ovh/peransbackpack/wp-content/uploads/2020/01/breizh-flag-300x177.png 300w, https://peransbackpack.ovh/peransbackpack/wp-content/uploads/2020/01/breizh-flag-768x454.png 768w" sizes="auto, (max-width: 1015px) 100vw, 1015px" /></figure></div>



<p><strong>Puisque vous êtes ici</strong><br>&#8211; Stranger: « Where do you come from? »<br>&#8211; Me: « <strong>Brittany</strong>« <br>Pourquoi le souligner? <br>Parce que, tout d&rsquo;abord, la Bretagne, le « pays » qui m&rsquo;a vu grandir est une grande fierté pour moi, source d&rsquo;inspiration et d&rsquo;ouverture au monde.<br>Ensuite, parce que la Bretagne est passée sous un rouleau compresseur jacobin: interdiction de la langue dans les écoles au début du siècle dernier, partition géographique et centralisme parisien. Comme si, en dehors de Paris, ville des puissants et ambitieux, il n&rsquo;y avait point de salut!<br>Enfin, parce que se déclarer breton et fier de l&rsquo;être a aujourd&rsquo;hui une toute autre dimension que de brandir un drapeau national français: mon drapeau n&rsquo;exclut pas l&rsquo;autre, il ne cherche pas à prendre le dessus, il n&rsquo;est pas guerrier. </p>



<p><strong>Qu&rsquo;est ce que je fais dans la vie?</strong><br>J&rsquo;ai arrêté mon travail pour entrer dans une phase transitoire: ayant fait ma vie dans le Sud Ouest de la France, je voulais avoir le temps. <br>Le temps de revoir ma famille et mes amis.<br>Le temps de me former à de nouvelles choses.<br>Le temps de m&rsquo;investir, de partager, et de grandir. <br>Le temps de voyager. </p>



<p>Le temps de penser une nouvelle vie. </p>



<p>Agalon (avec le coeur), <br>Peran </p>

<p>Cher visiteur, voici une présentation de ce blog et de son auteur. Je m&rsquo;appelle Peran. Voici la raison d&rsquo;être de ce blog: une envie de partager avec vous les personnes, les sujets et les paysages qui m&rsquo;ont touchés. Cela passe par, non seulement ce site, mais également les réseaux sociaux instagram/facebook/youtube. Environnement, technologie, voyages, culture,</p>
<div><a class="btn-filled btn" href="https://peransbackpack.ovh/peransbackpack/index.php/presentation-introducing-myself/" title="Présentation &#8211; introducing myself">Lire la suite</a></div>

Cher visiteur, voici une présentation de ce blog et de son auteur. Je m&rsquo;appelle Peran. Voici la raison d&rsquo;être de ce blog: une envie de partager avec vous les personnes, les sujets et les paysages qui m&rsquo;ont touchés. Cela passe par, non seulement ce site, mais également les réseaux sociaux instagram/facebook/youtube. Environnement, technologie, voyages, culture,Lire…
